{"id":8431,"date":"2024-06-20T12:56:02","date_gmt":"2024-06-20T09:56:02","guid":{"rendered":"https:\/\/www.afsta.org\/congress\/?page_id=8431"},"modified":"2024-06-20T12:56:03","modified_gmt":"2024-06-20T09:56:03","slug":"registration-form-for-congress","status":"publish","type":"page","link":"https:\/\/www.afsta.org\/congress\/language\/en\/registration-form-for-congress\/","title":{"rendered":"Registration Form for Congress"},"content":{"rendered":"\n<div class=\"wpcf7 no-js\" id=\"wpcf7-f8430-o1\" lang=\"en-US\" dir=\"ltr\">\n<div class=\"screen-reader-response\"><p role=\"status\" aria-live=\"polite\" aria-atomic=\"true\"><\/p> <ul><\/ul><\/div>\n<form action=\"\/congress\/wp-json\/wp\/v2\/pages\/8431#wpcf7-f8430-o1\" method=\"post\" class=\"wpcf7-form init\" aria-label=\"Contact form\" novalidate=\"novalidate\" data-status=\"init\">\n<div style=\"display: none;\">\n<input type=\"hidden\" name=\"_wpcf7\" value=\"8430\" \/>\n<input type=\"hidden\" name=\"_wpcf7_version\" value=\"5.9.8\" \/>\n<input type=\"hidden\" name=\"_wpcf7_locale\" value=\"en_US\" \/>\n<input type=\"hidden\" name=\"_wpcf7_unit_tag\" value=\"wpcf7-f8430-o1\" \/>\n<input type=\"hidden\" name=\"_wpcf7_container_post\" value=\"0\" \/>\n<input type=\"hidden\" name=\"_wpcf7_posted_data_hash\" value=\"\" \/>\n<input type=\"hidden\" name=\"_wpcf7cf_hidden_group_fields\" value=\"[]\" \/>\n<input type=\"hidden\" name=\"_wpcf7cf_hidden_groups\" value=\"[]\" \/>\n<input type=\"hidden\" name=\"_wpcf7cf_visible_groups\" value=\"[]\" \/>\n<input type=\"hidden\" name=\"_wpcf7cf_repeaters\" value=\"[]\" \/>\n<input type=\"hidden\" name=\"_wpcf7cf_steps\" value=\"{}\" \/>\n<input type=\"hidden\" name=\"_wpcf7cf_options\" value=\"{&quot;form_id&quot;:8430,&quot;conditions&quot;:[{&quot;then_field&quot;:&quot;Spouse&quot;,&quot;and_rules&quot;:[{&quot;if_field&quot;:&quot;AddSpouse&quot;,&quot;operator&quot;:&quot;equals&quot;,&quot;if_value&quot;:&quot;Yes&quot;}]}],&quot;settings&quot;:{&quot;animation&quot;:&quot;yes&quot;,&quot;animation_intime&quot;:200,&quot;animation_outtime&quot;:200,&quot;conditions_ui&quot;:&quot;normal&quot;,&quot;notice_dismissed&quot;:false,&quot;notice_dismissed_rollback-cf7-5.9.5&quot;:true}}\" \/>\n<\/div>\n<p><span data-id=\"group-33\" data-orig_data_id=\"group-33\" data-clear_on_hide data-class=\"wpcf7cf_group\"><\/span><span data-id=\"Spouse\" data-orig_data_id=\"Spouse\" data-clear_on_hide data-class=\"wpcf7cf_group\"><\/span><label> Select Title\/Titre*<br \/>\n<span class=\"wpcf7-form-control-wrap\" data-name=\"Title\"><select class=\"wpcf7-form-control wpcf7-select\" aria-invalid=\"false\" name=\"Title\"><option value=\"Sir\">Sir<\/option><option value=\"Madam\">Madam<\/option><option value=\"Mr.\">Mr.<\/option><option value=\"Mrs.\">Mrs.<\/option><option value=\"Miss\">Miss<\/option><option value=\"Prof\">Prof<\/option><option value=\"Dr.\">Dr.<\/option><option value=\"Eng.\">Eng.<\/option><\/select><\/span><\/label><br \/>\n<label>First Name\/ Nom, Last Name\/ PreNom<br \/>\n<span class=\"wpcf7-form-control-wrap\" data-name=\"your-name\"><input size=\"40\" maxlength=\"400\" class=\"wpcf7-form-control wpcf7-text wpcf7-validates-as-required\" autocomplete=\"name\" aria-required=\"true\" aria-invalid=\"false\" value=\"\" type=\"text\" name=\"your-name\" \/><\/span> <\/label><br \/>\n<label> Your email<br \/>\n<span class=\"wpcf7-form-control-wrap\" data-name=\"your-email\"><input size=\"40\" maxlength=\"400\" class=\"wpcf7-form-control wpcf7-email wpcf7-validates-as-required wpcf7-text wpcf7-validates-as-email\" autocomplete=\"email\" aria-required=\"true\" aria-invalid=\"false\" value=\"\" type=\"email\" name=\"your-email\" \/><\/span> <\/label><br \/>\n<label>Phone Number\/Num\u00e9ro De T\u00e9l\u00e9phone<br \/>\n<span class=\"wpcf7-form-control-wrap\" data-name=\"tel-571\"><input size=\"40\" maxlength=\"400\" class=\"wpcf7-form-control wpcf7-tel wpcf7-validates-as-required wpcf7-text wpcf7-validates-as-tel\" aria-required=\"true\" aria-invalid=\"false\" value=\"\" type=\"tel\" name=\"tel-571\" \/><\/span><\/label><br \/>\n<label> Organization\/Institution*<br \/>\n<span class=\"wpcf7-form-control-wrap\" data-name=\"organization\"><input size=\"40\" maxlength=\"400\" class=\"wpcf7-form-control wpcf7-text wpcf7-validates-as-required\" aria-required=\"true\" aria-invalid=\"false\" value=\"\" type=\"text\" name=\"organization\" \/><\/span><\/label><br \/>\n<label> Designation*<br \/>\n<span class=\"wpcf7-form-control-wrap\" data-name=\"organization\"><input size=\"40\" maxlength=\"400\" class=\"wpcf7-form-control wpcf7-text\" aria-invalid=\"false\" placeholder=\"eg. Director, Marketing Manager\" value=\"\" type=\"text\" name=\"organization\" \/><\/span><\/label><br \/>\n<label>Nationality\/Nationalit\u00e9<br \/>\n<span class=\"wpcf7-form-control-wrap\" data-name=\"nationality\"><input size=\"40\" maxlength=\"400\" class=\"wpcf7-form-control wpcf7-text\" aria-invalid=\"false\" value=\"\" type=\"text\" name=\"nationality\" \/><\/span><\/label><br \/>\n<label>Address<br \/>\n<span class=\"wpcf7-form-control-wrap\" data-name=\"Address\"><input size=\"40\" maxlength=\"400\" class=\"wpcf7-form-control wpcf7-text\" aria-invalid=\"false\" value=\"\" type=\"text\" name=\"Address\" \/><\/span><\/label><br \/>\n<label>City\/Ville<br \/>\n<span class=\"wpcf7-form-control-wrap\" data-name=\"City\"><input size=\"40\" maxlength=\"400\" class=\"wpcf7-form-control wpcf7-text\" aria-invalid=\"false\" value=\"\" type=\"text\" name=\"City\" \/><\/span><\/label><br \/>\n<label>Country\/Pays*<br \/>\n<span class=\"wpcf7-form-control-wrap\" data-name=\"Country\"><input size=\"40\" maxlength=\"400\" class=\"wpcf7-form-control wpcf7-text wpcf7-validates-as-required\" aria-required=\"true\" aria-invalid=\"false\" value=\"\" type=\"text\" name=\"Country\" \/><\/span><\/label><br \/>\n<label>Add Exhibition Booth?\/Ajouter un stand d'exposition?<br \/>\n<span class=\"wpcf7-form-control-wrap\" data-name=\"AddExhibitionBooth\"><select class=\"wpcf7-form-control wpcf7-select wpcf7-validates-as-required\" aria-required=\"true\" aria-invalid=\"false\" name=\"AddExhibitionBooth\"><option value=\"No\">No<\/option><option value=\"Yes\">Yes<\/option><\/select><\/span><\/label><br \/>\n<label>Trading Table*<br \/>\n<span class=\"wpcf7-form-control-wrap\" data-name=\"AddTradingtable\"><select class=\"wpcf7-form-control wpcf7-select wpcf7-validates-as-required\" aria-required=\"true\" aria-invalid=\"false\" name=\"AddTradingtable\"><option value=\"No\">No<\/option><option value=\"Yes\">Yes<\/option><\/select><\/span><\/label><br \/>\n<label>Dietary preference\/Pr\u00e9f\u00e9rence alimentaire<br \/>\n<span class=\"wpcf7-form-control-wrap\" data-name=\"Dietarypreference\"><select class=\"wpcf7-form-control wpcf7-select wpcf7-validates-as-required\" aria-required=\"true\" aria-invalid=\"false\" name=\"Dietarypreference\"><option value=\"No Preference\">No Preference<\/option><option value=\"Vegetarian\">Vegetarian<\/option><option value=\"Halal\">Halal<\/option><\/select><\/span><\/label><br \/>\n<label>Add Spouse\/Child<br \/>\n<span class=\"wpcf7-form-control-wrap\" data-name=\"AddSpouse\"><select class=\"wpcf7-form-control wpcf7-select wpcf7-validates-as-required\" aria-required=\"true\" aria-invalid=\"false\" name=\"AddSpouse\"><option value=\"No\">No<\/option><option value=\"Yes\">Yes<\/option><\/select><\/span><\/label><br \/>\n<label>Spouse First Name\/Nom, Spouse Last Name\/ PreNom<br \/>\n<span class=\"wpcf7-form-control-wrap\" data-name=\"your-spousename\"><input size=\"40\" maxlength=\"400\" class=\"wpcf7-form-control wpcf7-text wpcf7-validates-as-required\" autocomplete=\"name\" aria-required=\"true\" aria-invalid=\"false\" value=\"\" type=\"text\" name=\"your-spousename\" \/><\/span> <\/label><br \/>\n<label>Spouse Phone Number<br \/>\n<span class=\"wpcf7-form-control-wrap\" data-name=\"spousetel-571\"><input size=\"40\" maxlength=\"400\" class=\"wpcf7-form-control wpcf7-tel wpcf7-validates-as-required wpcf7-text wpcf7-validates-as-tel\" aria-required=\"true\" aria-invalid=\"false\" value=\"\" type=\"tel\" name=\"spousetel-571\" \/><\/span><\/label><br \/>\n<input class=\"wpcf7-form-control wpcf7-submit has-spinner\" type=\"submit\" value=\"Submit\" \/>\n<\/p><div class=\"wpcf7-response-output\" aria-hidden=\"true\"><\/div>\n<\/form>\n<\/div>\n\n","protected":false},"excerpt":{"rendered":"","protected":false},"author":24,"featured_media":0,"parent":0,"menu_order":0,"comment_status":"closed","ping_status":"closed","template":"","meta":{"postBodyMargin":[],"postBodyPadding":[],"postBodyBackground":{"backgroundType":"classic","gradient":""},"footnotes":""},"class_list":["post-8431","page","type-page","status-publish","hentry"],"_links":{"self":[{"href":"https:\/\/www.afsta.org\/congress\/wp-json\/wp\/v2\/pages\/8431","targetHints":{"allow":["GET"]}}],"collection":[{"href":"https:\/\/www.afsta.org\/congress\/wp-json\/wp\/v2\/pages"}],"about":[{"href":"https:\/\/www.afsta.org\/congress\/wp-json\/wp\/v2\/types\/page"}],"author":[{"embeddable":true,"href":"https:\/\/www.afsta.org\/congress\/wp-json\/wp\/v2\/users\/24"}],"replies":[{"embeddable":true,"href":"https:\/\/www.afsta.org\/congress\/wp-json\/wp\/v2\/comments?post=8431"}],"version-history":[{"count":1,"href":"https:\/\/www.afsta.org\/congress\/wp-json\/wp\/v2\/pages\/8431\/revisions"}],"predecessor-version":[{"id":8432,"href":"https:\/\/www.afsta.org\/congress\/wp-json\/wp\/v2\/pages\/8431\/revisions\/8432"}],"wp:attachment":[{"href":"https:\/\/www.afsta.org\/congress\/wp-json\/wp\/v2\/media?parent=8431"}],"curies":[{"name":"wp","href":"https:\/\/api.w.org\/{rel}","templated":true}]}}